he remainder when 53 is divided by h(-5).
13
Let q = -89 - -96. Calculate the remainder when q is divided by 5.
2
Let c(v) = 1 + 4 + 5*v + 1 - 4*v. Let r be c(-8). Let p = 6 - r. What is the remainder when 29 is divided by p?
5
Let b = 49 - 24. Suppose y = -5*m + 31, 3*m - 6*m = -y - b. What is the remainder when 18 is divided by m?
4
Suppose -4*c + 3*y - y = -86, -5*c + 111 = y. Calculate the remainder when 43 is divided by c.
21
Let x = 23 - 10. What is the remainder when 25 is divided by x?
12
Let k(n) = n. Suppose 5*x - 11 = 3*p + 13, 3*x - 5*p - 24 = 0. Suppose 5*g - x = 27. Calculate the remainder when g is divided by k(4).
2
Let y(n) = -n + 33. What is the remainder when y(0) is divided by (2 + 2 + -3)*12?
9
Calculate the remainder when (-1)/(-4) - (-63)/4 is divided by (-4)/6*(-81)/6.
7
Let z(r) = 4*r**2 + 2*r - 2. Suppose -1 = -4*t + 7. Let n be z(t). Let b = n - -1. Calculate the remainder when 56 is divided by b.
18
Suppose 6*q - 9*q + 45 = 0. What is the remainder when 43 is divided by q?
13
Let y(w) = 3*w + 2. Let t be y(-3). Let o = t + 13. Calculate the remainder when 15 is divided by o.
3
Let n be (1/1)/((-1)/(-4)). Suppose -2*m + 26 = -n*g, 3*m - g = -5*g - 1. Suppose -m*s = -17 - 53. Calculate the remainder when 26 is divided by s.
12
Let b(j) = -2*j - 4. Let c be b(-2). What is the remainder when 276/(-8)*(-2 - c) is divided by 24?
21
Let m(x) = -x**2 + 2*x + 10. Suppose 4*r - 3*l = -r, 0 = 3*r - l. What is the remainder when m(r) is divided by 6?
4
Let t(i) = -i**2 - 7*i + 5. Let d be t(-8). Let h(v) = v**2 + v - 2. Let c be h(d). What is the remainder when 245/c + (-1)/4 is divided by 16?
13
Let t = -24 - -58. What is the remainder when t is divided by 18?
16
Let m = -18 + 49. What is the remainder when m is divided by 11?
9
Let u be ((-4)/6)/((-10)/75). Suppose 5*k = 3*r - 42, 76 - 4 = 3*r + u*k. What is the remainder when r is divided by 7?
5
Suppose -2*r + 14 + 10 = 0. Let p be 10/(-4)*8/(-5). Suppose p*m - 75 = 61. Calculate the remainder when m is divided by r.
10
Let t = 26 - 16. Let i(l) = -l**2 - 6*l - 1. Let z be i(-5). Let x = 0 + z. Calculate the remainder when t is divided by x.
2
Let n = 39 - -17. Calculate the remainder when n is divided by 15.
11
Let u(t) = -2*t + 62. Calculate the remainder when u(-13) is divided by 18.
16
Let w be (4 + -3)/1*1. Suppose -p + 5*v + 38 = 0, 0 = p - 2*v + w - 39. Let z(b) = b + 13. Calculate the remainder when p is divided by z(0).
12
Let v be 2/5 - 26/(-10). Suppose -3*l + 32 = q, -7*q + v*q - 42 = -5*l. Calculate the remainder when l is divided by ((-18)/2)/((-3)/2).
4
Let r(y) = -y**3 - 5*y**2 - 4*y. Let x be r(-4). Suppose -51 = -x*m - 3*m. Calculate the remainder when 32 is divided by m.
15
Suppose 0*z + z - 10 = 0. Let i be z/6*(-48)/(-4). Calculate the remainder when 14 is divided by 4/i - (-48)/10.
4
Let a = -21 + 34. Let g(r) = r**3 - 7*r**2 + 3*r - 7. Let t be g(7). Let f = 23 + t. Calculate the remainder when f is divided by a.
11
Let c = 12 + -9. Suppose -c*h + 28 = -2*h. Suppose 5*r = r + h. What is the remainder when r is divided by 4?
3
Let g(p) = -19*p. Calculate the remainder when 74 is divided by g(-1).
17
Let m = 5 - 3. Suppose -3*h = m*h - 35. Let j = -1 + 14. Calculate the remainder when j is divided by h.
6
Let b = -13 - -47. Let g = 52 - b. Calculate the remainder when g is divided by 7.
4
Calculate the remainder when (-1)/4 - (-1246)/56 is divided by 6.
4
Let c(y) = -y**3 - 3*y**2 + 6*y - 7. Let i = 25 - 18. Let q(x) = 2*x**2 - 9*x - 10. What is the remainder when q(i) is divided by c(-5)?
12
Suppose -2*z = -k + 2*k, 0 = 3*k - 3*z. What is the remainder when (k + -3)/6*-76 is divided by 13?
12
Let x(m) = 8*m**2 + 3*m. Let w be x(-2). Let p = w + -6. Suppose -b - 11 = -2*b. Calculate the remainder when p is divided by b.
9
Let l be 437/4 + (-2)/8. Let z = l + -35. What is the remainder when z is divided by 19?
17
Let v(n) = n - 13. Let c be v(17). Let m be (-382)/(-10) - 2/10. Suppose -2 = -c*t + m. Calculate the remainder when 18 is divided by t.
8
Suppose 5*g - x - 13 = 0, -4 = -5*g + x - 3*x. Let m(o) = o**3 + 4*o**2 - 5*o + 3. What is the remainder when m(-5) is divided by g?
1
Suppose -1 + 4 = -3*b. Let g = b + 3. Suppose 80 = 2*y + g*y. What is the remainder when 38 is divided by y?
18
Let c(n) = -2*n**3 - 3*n**2 + 5*n - 3. Let b = 1 + 19. Calculate the remainder when c(-4) is divided by b.
17
Let r(v) = -v**3 + 15*v**2 - 14*v + 9. What is the remainder when 33 is divided by r(14)?
6
Suppose 0 = 3*o + v - 13, 0 = 2*o + v - 12 + 2. Calculate the remainder when 7 is divided by o.
1
Suppose -5*w + 2*w - 120 = 0. Calculate the remainder when 8 is divided by (10/(-8))/(10/w).
3
Calculate the remainder when 8 + -4 + (-78)/(-2) is divided by 11.
10
Let k(u) = 58*u**2 + 2. Suppose 4*v - 8 = -0. Let w be k(v). Suppose 93 - w = -3*j. What is the remainder when j is divided by 24?
23
Let o = 23 + -13. Let p = 45 + -26. Calculate the remainder when p is divided by o.
9
Let u(a) = 3*a + 15. Calculate the remainder when u(3) is divided by 9.
6
Let y = 6 - -28. What is the remainder when y is divided by (-1 - -2)/((-2)/(-24))?
10
Suppose -3*b + 0*b + 8 = -2*g, 5 = -5*g. Calculate the remainder when b is divided by 1.
0
Suppose g = 7 - 27. Calculate the remainder when (g/3)/((-7)/21) is divided by 11.
9
Suppose -g + 3*w - 3 = 4, g + 5*w - 25 = 0. Suppose j + 5*b = 10, -3*j + g*b = 2*b - 84. What is the remainder when j is divided by 9?
7
Let v(f) = -f**3 - 4*f**2 + 4*f - 4. Suppose -3*q = -4*q + 4. Let o(w) = w**3 - 4*w**2 + 2*w - 6. What is the remainder when o(q) is divided by v(-5)?
0
Let l = 11 - -41. What is the remainder when l is divided by 11?
8
Let r(a) = -5 - 3 + 2*a + 0. What is the remainder when 32 is divided by r(10)?
8
Suppose -3*z - 13 = -58. Let q(u) = 3*u**2 + 24*u + 8. Calculate the remainder when z is divided by q(-8).
7
Let a = -16 + 45. Calculate the remainder when a is divided by 15.
14
Suppose 5*t = -2*j + 25, -8*t + j + 10 = -3*t. Suppose -t*m = -2*m. What is the remainder when 31 is divided by (-11)/(m + 0 + -1)?
9
Suppose -4 = t + 3. Let o(r) be the first derivative of r**3/3 + 5*r**2/2 - 6*r + 2. Calculate the remainder when 22 is divided by o(t).
6
Suppose 0 = -3*u - 5*f + 79, -4*f + 54 = -4*u + 6*u. Calculate the remainder when 44 is divided by u.
21
Suppose -5*z - b - 4*b = 0, -5*b = -5*z + 20. Suppose 4*k + z*r = 22, -2*k + r + 24 = 3*k. What is the remainder when 13 is divided by k?
3
Let g(n) = -n**2 + 11*n + 9. Let o(i) = 9*i + 2. Let r be o(1). Calculate the remainder when 43 is divided by g(r).
7
Let v = 33 + -22. Calculate the remainder when v is divided by 7.
4
Suppose -4*w + 8 = 4. What is the remainder when 17 is divided by ((-4)/(-8))/w*20?
7
Let t(z) = -z**3 - 9*z**2 - z. Let b = -14 + 5. What is the remainder when 2/(-4)*(-50)/1 is divided by t(b)?
7
Suppose -2*x = -35 - 9. Let p(l) = l**2 + 3*l + 4. Calculate the remainder when x is divided by p(-4).
6
Let c(y) = y**2 + 8*y - 1. Let d be c(-8). Let w = 12 - d. Calculate the remainder when 25 is divided by w.
12
Suppose -4*m - 5*n + 197 = 0, m + 2*n + 33 = 2*m. What is the remainder when 170 is divided by m?
41
Suppose 7 = 4*s - 13. Suppose s*h - 31 = -6. Suppose h*y - 4*y = 14. What is the remainder when y is divided by 5?
4
Let s = 27 - 15. Let x(v) = v**3 + 7*v**2 - 2. What is the remainder when x(-6) is divided by s?
10
Let w = -15 + 17. Calculate the remainder when (w + -3)*-33 + 2 is divided by 9.
8
Suppose 0 = -5*v + 10. Calculate the remainder when 4 is divided by v.
0
Suppose -9*r + 45 = -342. Calculate the remainder when 127 is divided by r.
41
Suppose 38*f + 10 = 40*f. Suppose -2*r = -7*m + 3*m + 46, 0 = 3*m - 4*r - 32. What is the remainder when m is divided by f?
2
Let r = -1 - -1. Suppose -3*p - 3*f + 8 + 19 = r, -4*p + 3*f = -50. Suppose -i + j + p = 0, 0*j = -2*i - 4*j + 40. What is the remainder when i is divided by 8?
6
Let w(z) = -z**3 - 3*z**2 + 4*z - 2. Let g be w(-4). What is the remainder when 14 is divided by ((-6)/g)/((-9)/(-12))?
2
Calculate the remainder when 8 is divided by 7/1*(-12)/(-14).
2
Calculate the remainder when 25 is divided by ((-9)/2)/(1/(-2)).
7
Calculate the remainder when (-104)/5*((3 - 5) + -3) is divided by 21.
20
Calcula